{"id":33,"date":"2026-04-03T10:16:05","date_gmt":"2026-04-03T10:16:05","guid":{"rendered":"https:\/\/lespagespapopent.fr\/?page_id=33"},"modified":"2026-04-03T12:23:23","modified_gmt":"2026-04-03T12:23:23","slug":"a-propos","status":"publish","type":"page","link":"https:\/\/lespagespapopent.fr\/?page_id=33","title":{"rendered":"A propos"},"content":{"rendered":"\n<figure class=\"wp-block-image size-large\"><img loading=\"lazy\" decoding=\"async\" width=\"1024\" height=\"384\" src=\"https:\/\/lespagespapopent.fr\/wp-content\/uploads\/2026\/04\/Apropos-copie-1024x384.jpg\" alt=\"\" class=\"wp-image-45\" srcset=\"https:\/\/lespagespapopent.fr\/wp-content\/uploads\/2026\/04\/Apropos-copie-1024x384.jpg 1024w, https:\/\/lespagespapopent.fr\/wp-content\/uploads\/2026\/04\/Apropos-copie-300x113.jpg 300w, https:\/\/lespagespapopent.fr\/wp-content\/uploads\/2026\/04\/Apropos-copie-768x288.jpg 768w, https:\/\/lespagespapopent.fr\/wp-content\/uploads\/2026\/04\/Apropos-copie-1536x576.jpg 1536w, https:\/\/lespagespapopent.fr\/wp-content\/uploads\/2026\/04\/Apropos-copie.jpg 2047w\" sizes=\"auto, (max-width: 1024px) 100vw, 1024px\" \/><\/figure>\n\n\n\n<div class=\"wp-block-group is-nowrap is-layout-flex wp-container-core-group-is-layout-ad2f72ca wp-block-group-is-layout-flex\">\n<h2 class=\"wp-block-heading\">Il y a les livres qu\u2019on lit.<br>Et puis il y a ceux dont on parle.<\/h2>\n<\/div>\n\n\n\n<p><em>Les Pages Papotent<\/em>, c\u2019est n\u00e9 comme \u00e7a.<br>Entre deux discussions, entre deux caf\u00e9s, entre deux sorties au th\u00e9\u00e2tre.<\/p>\n\n\n\n<p>Juliette et Sylvie n\u2019\u00e9taient pas forc\u00e9ment faites pour se rencontrer.<\/p>\n\n\n\n<p>L\u2019une est solaire, un peu fofolle, toujours en mouvement. La quarantaine bien assum\u00e9e, le rire facile, et cette mani\u00e8re de d\u00e9vorer la vie comme elle d\u00e9vore les livres.<br>L\u2019autre est plus discr\u00e8te, plus pos\u00e9e. Une forme de calme \u00e9vident. Cinquantenaire tranquille, qui ne se prend pas la t\u00eate, mais qui observe, ressent, et choisit ses mots.<\/p>\n\n\n\n<p>Deux rythmes.<br>Deux fa\u00e7ons de lire.<br>Deux fa\u00e7ons d\u2019\u00eatre.<\/p>\n\n\n\n<p>Et pourtant.<\/p>\n\n\n\n<p>Une amiti\u00e9 \u00e9vidente.<br>Construite au fil des pages, des spectacles, des discussions qui s\u2019\u00e9tirent sans qu\u2019on voie le temps passer.<\/p>\n\n\n\n<p>Parce qu\u2019au fond, ce qui les lie, c\u2019est \u00e7a :<br>les histoires.<br>Celles qu\u2019on lit.<br>Celles qu\u2019on vit.<br>Et celles qu\u2019on partage.<\/p>\n\n\n\n<p>Juliette aime les livres qui d\u00e9bordent, qui bousculent, qui font rire ou pleurer sans pr\u00e9venir.<br>Sylvie, elle, s\u2019attache aux nuances, aux silences, aux mots qui restent longtemps apr\u00e8s avoir referm\u00e9 le livre.<\/p>\n\n\n\n<p>Elles ne lisent pas toujours les m\u00eames choses.<br>Mais parfois, elles se retrouvent.<br>Et l\u00e0, les pages papotent vraiment.<\/p>\n\n\n\n<p>Autour d\u2019elles gravite une joyeuse bande : Elsa, Nadia, Anne-Sophie, Isabelle, Cathy, G\u00e9raldine, St\u00e9phanie, Charlotte\u2026 et Ga\u00ebl aussi.<br>Des lectures qui circulent, des livres qu\u2019on pr\u00eate, qu\u2019on offre, qu\u2019on conseille.<br>Des coups de c\u0153ur, des d\u00e9ceptions, des d\u00e9bats, toujours sans pr\u00e9tention.<\/p>\n\n\n\n<p>Alors un jour, presque naturellement, l\u2019id\u00e9e est venue :<br>et si on \u00e9crivait tout \u00e7a ?<\/p>\n\n\n\n<p>Pas des critiques.<br>Pas des analyses.<br>Juste des impressions.<br>Des ressentis.<br>Des humeurs.<\/p>\n\n\n\n<p>Mettre noir sur blanc ces \u00e9changes qui, jusque-l\u00e0, vivaient entre elles.<\/p>\n\n\n\n<p>Parce qu\u2019un livre ne s\u2019arr\u00eate jamais vraiment \u00e0 sa derni\u00e8re page.<br>Il continue dans les discussions, dans les souvenirs, dans les \u00e9motions qu\u2019il laisse.<\/p>\n\n\n\n<blockquote class=\"wp-block-quote is-layout-flow wp-block-quote-is-layout-flow\">\n<p>Et ici, justement\u2026<br>les pages papotent.<\/p>\n<\/blockquote>\n\n\n\n<p><\/p>\n","protected":false},"excerpt":{"rendered":"<p>Il y a les livres qu\u2019on lit.Et puis il y a ceux dont on parle. Les Pages Papotent, c\u2019est n\u00e9 comme \u00e7a.Entre deux discussions, entre deux caf\u00e9s, entre deux sorties au th\u00e9\u00e2tre. Juliette et Sylvie n\u2019\u00e9taient pas forc\u00e9ment faites pour se rencontrer. L\u2019une est solaire, un peu fofolle, toujours en mouvement. La quarantaine bien assum\u00e9e,\u2026<\/p>\n","protected":false},"author":1,"featured_media":0,"parent":0,"menu_order":0,"comment_status":"closed","ping_status":"closed","template":"","meta":{"footnotes":""},"class_list":["post-33","page","type-page","status-publish","hentry"],"_links":{"self":[{"href":"https:\/\/lespagespapopent.fr\/index.php?rest_route=\/wp\/v2\/pages\/33","targetHints":{"allow":["GET"]}}],"collection":[{"href":"https:\/\/lespagespapopent.fr\/index.php?rest_route=\/wp\/v2\/pages"}],"about":[{"href":"https:\/\/lespagespapopent.fr\/index.php?rest_route=\/wp\/v2\/types\/page"}],"author":[{"embeddable":true,"href":"https:\/\/lespagespapopent.fr\/index.php?rest_route=\/wp\/v2\/users\/1"}],"replies":[{"embeddable":true,"href":"https:\/\/lespagespapopent.fr\/index.php?rest_route=%2Fwp%2Fv2%2Fcomments&post=33"}],"version-history":[{"count":5,"href":"https:\/\/lespagespapopent.fr\/index.php?rest_route=\/wp\/v2\/pages\/33\/revisions"}],"predecessor-version":[{"id":47,"href":"https:\/\/lespagespapopent.fr\/index.php?rest_route=\/wp\/v2\/pages\/33\/revisions\/47"}],"wp:attachment":[{"href":"https:\/\/lespagespapopent.fr\/index.php?rest_route=%2Fwp%2Fv2%2Fmedia&parent=33"}],"curies":[{"name":"wp","href":"https:\/\/api.w.org\/{rel}","templated":true}]}}